 the prime factors of 42801095.
5, 8560219
What are the prime factors of 2364158619?
3, 19, 29, 43, 11087
List the prime factors of 2246383032.
2, 3, 103, 908731
What are the prime factors of 1462974398?
2, 2713, 269623
What are the prime factors of 1712838226?
2, 11, 31, 2511493
What are the prime factors of 8245093261?
8245093261
List the prime factors of 383822372.
2, 1723, 55691
What are the prime factors of 152576499?
3, 503, 101111
What are the prime factors of 2415669181?
2415669181
What are the prime factors of 178061509?
178061509
What are the prime factors of 3500735141?
97, 113, 277, 1153
What are the prime factors of 50087241?
3, 618361
What are the prime factors of 382512114?
2, 3, 439, 48407
List the prime factors of 1004578952.
2, 13, 2017, 4789
What are the prime factors of 1441409132?
2, 8543, 42181
List the prime factors of 3814955009.
67, 56939627
List the prime factors of 1770944104.
2, 221368013
What are the prime factors of 23709020?
2, 5, 53, 22367
List the prime factors of 101283112.
2, 7, 1808627
What are the prime factors of 89659834?
2, 11, 4075447
List the prime factors of 130796837.
23, 97, 2549
List the prime factors of 4019868233.
4019868233
What are the prime factors of 7660729103?
61, 71, 83, 101, 211
List the prime factors of 1616925458.
2, 71, 11386799
What are the prime factors of 66986830?
2, 5, 59, 113537
What are the prime factors of 548918296?
2, 131, 523777
List the prime factors of 1365377940.
2, 3, 5, 7585433
List the prime factors of 66046767.
3, 22015589
List the prime factors of 27287347.
29, 31, 127, 239
List the prime factors of 1295450534.
2, 7, 61, 216703
List the prime factors of 44323275.
3, 5, 557, 1061
List the prime factors of 255247319.
255247319
What are the prime factors of 1037886692?
2, 259471673
List the prime factors of 511777776.
2, 3, 1907, 5591
What are the prime factors of 71073058?
2, 7, 601, 8447
List the prime factors of 52707598.
2, 2377, 11087
What are the prime factors of 208114244?
2, 13, 4002197
List the prime factors of 375565124.
2, 11, 31, 25031
List the prime factors of 934412132.
2, 29, 1627, 4951
List the prime factors of 78736470.
2, 3, 5, 2624549
What are the prime factors of 1118793165?
3, 5, 7, 53, 127, 1583
What are the prime factors of 1336994476?
2, 334248619
List the prime factors of 320174363.
320174363
List the prime factors of 191758594.
2, 95879297
List the prime factors of 2582665467.
3, 73, 11792993
What are the prime factors of 677993502?
2, 3, 67, 1686551
What are the prime factors of 1225482826?
2, 23, 1531, 17401
What are the prime factors of 3648846506?
2, 31, 58852363
List the prime factors of 143210831.
37, 3870563
What are the prime factors of 61709091?
3, 479, 42943
What are the prime factors of 3129210317?
59, 401, 132263
What are the prime factors of 334629368?
2, 19, 743, 2963
List the prime factors of 4922080584.
2, 3, 17, 787, 15329
List the prime factors of 410480527.
233, 347, 5077
What are the prime factors of 26968472?
2, 3371059
List the prime factors of 41301890.
2, 5, 7, 590027
List the prime factors of 5721878382.
2, 3, 11, 31, 2796617
What are the prime factors of 146161979?
146161979
What are the prime factors of 27804289?
27804289
List the prime factors of 404403807.
3, 89, 359, 4219
List the prime factors of 612102527.
17, 36006031
List the prime factors of 285340502.
2, 73, 1954387
What are the prime factors of 406979508?
2, 3, 13, 431, 6053
What are the prime factors of 312196481?
293, 419, 2543
What are the prime factors of 1808987429?
457, 3958397
List the prime factors of 2189093469.
3, 729697823
List the prime factors of 216991857.
3, 863, 83813
List the prime factors of 64480734.
2, 3, 3582263
List the prime factors of 447826658.
2, 2593, 86353
List the prime factors of 20023771.
37, 53, 10211
List the prime factors of 3452763024.
2, 3, 2664169
What are the prime factors of 379666380?
2, 3, 5, 6327773
What are the prime factors of 1368204291?
3, 16891411
What are the prime factors of 675420880?
2, 5, 17, 41, 12113
What are the prime factors of 14127283?
1039, 13597
What are the prime factors of 510728417?
19, 61, 101, 4363
What are the prime factors of 4703104642?
2, 59, 39856819
List the prime factors of 259924211.
83, 239, 13103
What are the prime factors of 64152387?
3, 13, 439, 1249
List the prime factors of 10566930.
2, 3, 5, 11, 41, 71
What are the prime factors of 44540752?
2, 29, 59, 1627
What are the prime factors of 21112380?
2, 3, 5, 39097
List the prime factors of 2989821256.
2, 18143, 20599
List the prime factors of 4414911662.
2, 7, 17, 2650007
What are the prime factors of 1263335740?
2, 5, 63166787
List the prime factors of 7869217481.
5021, 1567261
What are the prime factors of 43056060?
2, 3, 5, 103, 6967
What are the prime factors of 23114232?
2, 3, 321031
What are the prime factors of 102254173?
7, 14607739
What are the prime factors of 197065723?
59, 3340097
List the prime factors of 7036084322.
2, 31, 683, 166157
List the prime factors of 4026301483.
31, 37, 47, 74687
List the prime factors of 9368935.
5, 23, 257, 317
List the prime factors of 525487667.
4597, 114311
List the prime factors of 263545157.
263545157
What are the prime factors of 65606551?
65606551
List the prime factors of 1234564.
2, 308641
List the prime factors of 28619309.
61, 469169
What are the prime factors of 1994133859?
61, 32690719
What are the prime factors of 1641072072?
2, 3, 53, 1290151
What are the prime factors of 45365596?
2, 3323, 3413
List the prime factors of 1113481460.
2, 5, 7, 13, 611803
What are the prime factors of 142424231?
263, 541537
What are the prime factors of 2263231585?
5, 373, 1213529
List the prime factors of 353041699.
353041699
What are the prime factors of 164199142?
2, 8363, 9817
List the prime factors of 1835224309.
37, 173, 409, 701
List the prime factors of 3222758604.
2, 3, 13, 47, 127, 3461
What are the prime factors of 457543843?
4733, 96671
List the prime factors of 119935289.
17, 613, 677
What are the prime factors of 1899574401?
3, 633191467
What are the prime factors of 4014165559?
4014165559
What are the prime factors of 316137626?
2, 7, 1399, 16141
List the prime factors of 47478552.
2, 3, 11, 17, 71, 149
What are the prime factors of 187466937?
3, 7, 139, 64223
What are the prime factors of 1527559704?
2, 3, 11, 331, 5827
List the prime factors of 5344332270.
2, 3, 5, 2083, 85523
List the prime factors of 1365201603.
3, 151689067
List the prime factors of 159534893.
7, 2897, 7867
List the prime factors of 1971267295.
5, 394253459
List the prime factors of 1571157468.
2, 3, 103, 181, 2341
List the prime factors of 43894359.
3, 1625717
What are the prime factors of 3275254554?
2, 3, 11, 13, 3817313
What are the prime factors of 103420503?
3, 17, 293, 769
What are the prime factors of 241717775?
5, 13, 743747
What are the prime factors of 71873125?
5, 114997
What are the prime factors of 323063191?
11, 421, 69761
What are the prime factors of 45289982?
2, 3719, 6089
List the prime factors of 45143616.
2, 3, 7, 33589
List the prime factors of 56607420.
2, 3, 5, 29, 32533
What are the prime factors of 821303154?
2, 3, 7, 6518279
What are the prime factors of 5155725?
3, 5, 68743
What are the prime factors of 224178774?
2, 3, 79, 109, 4339
What are the prime factors of 224005635?
3, 5, 7, 237043
List the prime factors of 2017311101.
13, 401, 386977
List the prime factors of 736299948.
2, 3, 313, 196033
What are the prime factors of 127697569?
127697569
What are the prime factors of 3455238988?
2, 29, 29786543
What are the prime factors of 1626174069?
3, 13, 509, 81919
What are the prime factors of 38816818?
2, 107, 181387
What are the prime factors of 16886335?
5, 103, 32789
What are the prime factors of 125386684?
2, 31346671
What are the prime factors of 67668104?
2, 7, 751, 1609
What are the prime factors of 514584700?
2, 5, 7, 29, 25349
List the prime factors of 2265762201.
3, 755254067
What are the prime factors of 905938699?
31, 53, 491, 1123
List the prime factors of 322428725.
5, 1931, 6679
List the prime factors of 60720476.
2, 83, 182893
List the prime factors of 6346818093.
3, 7, 11, 2143, 12821
What are the prime factors of 105244856?
2, 53, 401, 619
What are the prime f